{"id":43,"date":"2020-11-05T16:35:36","date_gmt":"2020-11-05T16:35:36","guid":{"rendered":"https:\/\/old.bnc.hu\/cets\/?page_id=43"},"modified":"2026-03-26T12:17:42","modified_gmt":"2026-03-26T12:17:42","slug":"home","status":"publish","type":"page","link":"https:\/\/bnc.hu\/cets\/","title":{"rendered":"Home"},"content":{"rendered":"\t\t<div data-elementor-type=\"wp-page\" data-elementor-id=\"43\" class=\"elementor elementor-43\">\n\t\t\t\t\t\t<section class=\"elementor-section elementor-top-section elementor-element elementor-element-db3da43 elementor-section-boxed elementor-section-height-default elementor-section-height-default\" data-id=\"db3da43\" data-element_type=\"section\" data-e-type=\"section\">\n\t\t\t\t\t\t<div class=\"elementor-container elementor-column-gap-default\">\n\t\t\t\t\t<div class=\"elementor-column elementor-col-100 elementor-top-column elementor-element elementor-element-b4dc047\" data-id=\"b4dc047\" data-element_type=\"column\" data-e-type=\"column\">\n\t\t\t<div class=\"elementor-widget-wrap elementor-element-populated\">\n\t\t\t\t\t\t<div class=\"elementor-element elementor-element-9f5fcde elementor-widget elementor-widget-heading\" data-id=\"9f5fcde\" data-element_type=\"widget\" data-e-type=\"widget\" data-widget_type=\"heading.default\">\n\t\t\t\t<div class=\"elementor-widget-container\">\n\t\t\t\t\t<h1 class=\"elementor-heading-title elementor-size-default\">Central European Training School <br> and Workshop on Neutron Techniques<\/h1>\t\t\t\t<\/div>\n\t\t\t\t<\/div>\n\t\t\t\t\t<\/div>\n\t\t<\/div>\n\t\t\t\t\t<\/div>\n\t\t<\/section>\n\t\t\t\t<section class=\"elementor-section elementor-top-section elementor-element elementor-element-3fd8302 elementor-section-boxed elementor-section-height-default elementor-section-height-default\" data-id=\"3fd8302\" data-element_type=\"section\" data-e-type=\"section\">\n\t\t\t\t\t\t<div class=\"elementor-container elementor-column-gap-default\">\n\t\t\t\t\t<div class=\"elementor-column elementor-col-100 elementor-top-column elementor-element elementor-element-8e83f68\" data-id=\"8e83f68\" data-element_type=\"column\" data-e-type=\"column\">\n\t\t\t<div class=\"elementor-widget-wrap elementor-element-populated\">\n\t\t\t\t\t\t<div class=\"elementor-element elementor-element-fc3ce69 elementor-widget elementor-widget-image\" data-id=\"fc3ce69\" data-element_type=\"widget\" data-e-type=\"widget\" data-widget_type=\"image.default\">\n\t\t\t\t<div class=\"elementor-widget-container\">\n\t\t\t\t\t\t\t\t\t\t\t\t<figure class=\"wp-caption\">\n\t\t\t\t\t\t\t\t\t\t<img fetchpriority=\"high\" decoding=\"async\" width=\"768\" height=\"608\" src=\"https:\/\/bnc.hu\/cets\/wp-content\/uploads\/2023\/04\/CESTS_group_photo2_2023-768x608.jpg\" class=\"attachment-medium_large size-medium_large wp-image-2007\" alt=\"\" srcset=\"https:\/\/bnc.hu\/cets\/wp-content\/uploads\/2023\/04\/CESTS_group_photo2_2023-768x608.jpg 768w, https:\/\/bnc.hu\/cets\/wp-content\/uploads\/2023\/04\/CESTS_group_photo2_2023-300x238.jpg 300w, https:\/\/bnc.hu\/cets\/wp-content\/uploads\/2023\/04\/CESTS_group_photo2_2023-1024x811.jpg 1024w, https:\/\/bnc.hu\/cets\/wp-content\/uploads\/2023\/04\/CESTS_group_photo2_2023-1536x1217.jpg 1536w, https:\/\/bnc.hu\/cets\/wp-content\/uploads\/2023\/04\/CESTS_group_photo2_2023-2048x1622.jpg 2048w\" sizes=\"(max-width: 768px) 100vw, 768px\" \/>\t\t\t\t\t\t\t\t\t\t\t<figcaption class=\"widget-image-caption wp-caption-text\">Participants of the 15th CETS, 2023<\/figcaption>\n\t\t\t\t\t\t\t\t\t\t<\/figure>\n\t\t\t\t\t\t\t\t\t<\/div>\n\t\t\t\t<\/div>\n\t\t\t\t\t<\/div>\n\t\t<\/div>\n\t\t\t\t\t<\/div>\n\t\t<\/section>\n\t\t\t\t<section class=\"elementor-section elementor-top-section elementor-element elementor-element-896ef52 elementor-section-boxed elementor-section-height-default elementor-section-height-default\" data-id=\"896ef52\" data-element_type=\"section\" data-e-type=\"section\">\n\t\t\t\t\t\t<div class=\"elementor-container elementor-column-gap-default\">\n\t\t\t\t\t<div class=\"elementor-column elementor-col-100 elementor-top-column elementor-element elementor-element-57e0d80\" data-id=\"57e0d80\" data-element_type=\"column\" data-e-type=\"column\">\n\t\t\t<div class=\"elementor-widget-wrap elementor-element-populated\">\n\t\t\t\t\t\t<div class=\"elementor-element elementor-element-07c0ffb elementor-widget elementor-widget-heading\" data-id=\"07c0ffb\" data-element_type=\"widget\" data-e-type=\"widget\" data-widget_type=\"heading.default\">\n\t\t\t\t<div class=\"elementor-widget-container\">\n\t\t\t\t\t<h4 class=\"elementor-heading-title elementor-size-default\">16th Central European Training School and Workshop on Neutron Techniques <br>\nBudapest, 4-9 October, 2026<\/h4>\t\t\t\t<\/div>\n\t\t\t\t<\/div>\n\t\t\t\t\t<\/div>\n\t\t<\/div>\n\t\t\t\t\t<\/div>\n\t\t<\/section>\n\t\t\t\t<section class=\"elementor-section elementor-top-section elementor-element elementor-element-9fb0f2b elementor-section-boxed elementor-section-height-default elementor-section-height-default\" data-id=\"9fb0f2b\" data-element_type=\"section\" data-e-type=\"section\">\n\t\t\t\t\t\t<div class=\"elementor-container elementor-column-gap-default\">\n\t\t\t\t\t<div class=\"elementor-column elementor-col-100 elementor-top-column elementor-element elementor-element-1794672\" data-id=\"1794672\" data-element_type=\"column\" data-e-type=\"column\">\n\t\t\t<div class=\"elementor-widget-wrap\">\n\t\t\t\t\t\t\t<\/div>\n\t\t<\/div>\n\t\t\t\t\t<\/div>\n\t\t<\/section>\n\t\t\t\t<section class=\"elementor-section elementor-top-section elementor-element elementor-element-112aa81 elementor-section-boxed elementor-section-height-default elementor-section-height-default\" data-id=\"112aa81\" data-element_type=\"section\" data-e-type=\"section\">\n\t\t\t\t\t\t<div class=\"elementor-container elementor-column-gap-default\">\n\t\t\t\t\t<div class=\"elementor-column elementor-col-100 elementor-top-column elementor-element elementor-element-e7e04cc\" data-id=\"e7e04cc\" data-element_type=\"column\" data-e-type=\"column\">\n\t\t\t<div class=\"elementor-widget-wrap elementor-element-populated\">\n\t\t\t\t\t\t<div class=\"elementor-element elementor-element-672e5d2 elementor-widget elementor-widget-text-editor\" data-id=\"672e5d2\" data-element_type=\"widget\" data-e-type=\"widget\" data-widget_type=\"text-editor.default\">\n\t\t\t\t<div class=\"elementor-widget-container\">\n\t\t\t\t\t\t\t\t\t<p><strong>Registration opens on April 7, 2026.<\/strong><\/p><p><a href=\"https:\/\/bnc.hu\/\">Budapest Neutron Centre<\/a> (HUN-REN Centre for Energy Research) announces the 16th Central European Training School and Workshop on Neutron Techniques to be held between 4th and 9th October in Budapest,\u202fHungary. The annual Central European Training Schools are aimed at students and young researchers who are interested in using neutron techniques in their research projects. Following the introductory lectures on the theory and on the different neutron techniques by local experts (in two and a half days), participants may choose five of the BNC instruments to perform three hour hands-on practices each under the tuition of the instrument scientists.\u202f\u00a0<\/p><p><strong>Registration deadline:\u202f1st June, 2026.\u00a0<\/strong><\/p><p>Workshop will be help after the opening ceremony, where participants will have the chance to display a poster and to give a presentation to highlight their research project described in the poster.\u00a0 This year, we welcome young researchers to master advanced methods alongside senior scientists who will attend to share their experience. Due to space limitations at the experimental stations, for the hand-on practices CETS 2026 can only accept 30 students.<\/p><p><b><span data-contrast=\"none\">A\u00a0registration\u00a0fee\u00a0of 100 EUR<\/span><\/b><span data-contrast=\"none\">\u202fwill\u00a0be\u00a0charged\u00a0from\u00a0the\u00a0participants\u00a0for\u00a0the\u00a0meals\u00a0and\u00a0the\u00a0printed\u202f<\/span><a href=\"https:\/\/www.bnc.hu\/cets\/wp-content\/uploads\/2021\/04\/CETS_Handbook_2019_online.pdf\"><span data-contrast=\"none\">course material of the practices<\/span><\/a><span data-contrast=\"none\">. A\u00a0few\u00a0grants\u00a0will\u00a0be\u00a0available\u00a0for\u00a0students.<\/span><span data-ccp-props=\"{&quot;134233117&quot;:false,&quot;134233118&quot;:false,&quot;201341983&quot;:0,&quot;335551550&quot;:6,&quot;335551620&quot;:6,&quot;335557856&quot;:16777215,&quot;335559738&quot;:0,&quot;335559739&quot;:0,&quot;335559740&quot;:240}\">\u00a0<\/span><\/p><p><b><span data-contrast=\"none\">Hands-on\u00a0practices\u00a0will\u00a0be\u00a0performed\u00a0on\u00a0instruments:<\/span><\/b><span data-ccp-props=\"{&quot;134233117&quot;:false,&quot;134233118&quot;:false,&quot;201341983&quot;:0,&quot;335551550&quot;:6,&quot;335551620&quot;:6,&quot;335557856&quot;:16777215,&quot;335559738&quot;:0,&quot;335559739&quot;:0,&quot;335559740&quot;:240}\">\u00a0<\/span><\/p><p><a href=\"http:\/\/www.bnc.hu\/ys-sans\"><span data-contrast=\"none\">SANS-YS<\/span><\/a><span data-contrast=\"none\">\u202f-\u00a0Small\u00a0angle\u00a0neutron scattering<\/span>\u00a0<br \/><a href=\"http:\/\/www.bnc.hu\/gina\"><span data-contrast=\"none\">GINA<\/span><\/a><span data-contrast=\"none\">\u202f- Neutron reflectometry<\/span>\u00a0<br \/><a href=\"http:\/\/www.bnc.hu\/mtest\"><span data-contrast=\"none\">MTEST<\/span><\/a><span data-contrast=\"none\">\u202f- Neutron diffraction<\/span>\u00a0<br \/><a href=\"https:\/\/www.bnc.hu\/athos\"><span data-contrast=\"none\">ATHOS<\/span><\/a><span data-contrast=\"none\">\u202f-\u00a0Residual\u00a0stress\u00a0analysis<\/span>\u00a0<br \/><a href=\"http:\/\/www.bnc.hu\/pgaa\"><span data-contrast=\"none\">PGAA<\/span><\/a><span data-contrast=\"none\">\u202f\/\u202f<\/span><a href=\"https:\/\/www.bnc.hu\/nips\"><span data-contrast=\"none\">NIPS<\/span><\/a><span data-contrast=\"none\">\u202f\/\u202f<\/span><a href=\"https:\/\/www.bnc.hu\/naa\"><span data-contrast=\"none\">NAA<\/span><\/a><span data-contrast=\"none\">\u202f-\u00a0Elemental\u00a0analysis<\/span>\u00a0<br \/><a href=\"http:\/\/www.bnc.hu\/rad\"><span data-contrast=\"none\">RAD<\/span><\/a><span data-contrast=\"none\">\u202f\/\u202f<\/span><a href=\"http:\/\/www.bnc.hu\/norma\"><span data-contrast=\"none\">NORMA<\/span><\/a><span data-contrast=\"none\">\u202f- Neutron\u00a0imaging<\/span><span data-ccp-props=\"{&quot;134233117&quot;:false,&quot;134233118&quot;:false,&quot;201341983&quot;:0,&quot;335551550&quot;:6,&quot;335551620&quot;:6,&quot;335557856&quot;:16777215,&quot;335559738&quot;:0,&quot;335559739&quot;:0,&quot;335559740&quot;:240}\">\u00a0<\/span><\/p><p><span data-contrast=\"none\">A visit to\u202f<\/span><a href=\"https:\/\/www.facebook.com\/worldofneutron\/\"><span data-contrast=\"none\">Mirrotron Ltd.<\/span><\/a><span data-contrast=\"none\">, a spin-off company on the same campus, producing various kinds of neutron instrumentation (supermirrors, area detectors, choppers, velocity selectors, polarizers, etc.) and sponsor of CETS will complete the practical experience of the participants.<\/span><span data-ccp-props=\"{&quot;134233117&quot;:false,&quot;134233118&quot;:false,&quot;201341983&quot;:0,&quot;335551550&quot;:6,&quot;335551620&quot;:6,&quot;335557856&quot;:16777215,&quot;335559738&quot;:0,&quot;335559739&quot;:0,&quot;335559740&quot;:240}\">\u00a0<\/span><\/p><p><b><span data-contrast=\"none\">CETS has\u00a0started\u00a0to\u00a0become\u00a0part of\u00a0the\u00a0higher\u00a0education.<\/span><\/b><span data-contrast=\"none\">\u202fThe\u00a0combined\u00a0theory\u00a0&amp;\u00a0hands-on\u00a0training\u00a0school\u00a0of BNC has\u00a0been\u00a0accredited\u00a0by\u00a0the\u00a0Doctorate\u00a0School\u00a0of\u00a0Physics\u00a0of\u00a0the\u00a0E\u00f6tv\u00f6s Lor\u00e1nd University of\u00a0Sciences\u00a0Budapest, and\u00a0that\u00a0of\u00a0the\u00a0Budapest University of\u00a0Technology\u00a0and\u00a0Economics.\u00a0Earning\u00a0credits\u00a0is\u00a0now\u00a0a\u00a0possibility\u00a0not\u00a0only\u00a0for\u00a0students\u00a0of\u00a0Hungarian\u00a0universities,\u00a0but, in\u00a0principle\u00a0\u2013\u00a0through\u00a0the\u202f<\/span><a href=\"https:\/\/ec.europa.eu\/education\/resources-and-tools\/european-credit-transfer-and-accumulation-system-ects_en\"><span data-contrast=\"none\">ECTS<\/span><\/a><span data-contrast=\"none\">\u202f\u2013\u00a0for\u00a0students of universities Europe-wide. For those participants who request university credits, the oral and poster presentation, completion of the online test and submission of an essay &#8211; on how their research could be made more effective using neutrons &#8211; will all be required.<\/span><\/p>\t\t\t\t\t\t\t\t<\/div>\n\t\t\t\t<\/div>\n\t\t\t\t\t<\/div>\n\t\t<\/div>\n\t\t\t\t\t<\/div>\n\t\t<\/section>\n\t\t\t\t<section class=\"elementor-section elementor-top-section elementor-element elementor-element-f147483 elementor-section-boxed elementor-section-height-default elementor-section-height-default\" data-id=\"f147483\" data-element_type=\"section\" data-e-type=\"section\">\n\t\t\t\t\t\t<div class=\"elementor-container elementor-column-gap-default\">\n\t\t\t\t\t<div class=\"elementor-column elementor-col-100 elementor-top-column elementor-element elementor-element-0022175\" data-id=\"0022175\" data-element_type=\"column\" data-e-type=\"column\">\n\t\t\t<div class=\"elementor-widget-wrap elementor-element-populated\">\n\t\t\t\t\t\t<div class=\"elementor-element elementor-element-cf77007 elementor-widget elementor-widget-heading\" data-id=\"cf77007\" data-element_type=\"widget\" data-e-type=\"widget\" data-widget_type=\"heading.default\">\n\t\t\t\t<div class=\"elementor-widget-container\">\n\t\t\t\t\t<h6 class=\"elementor-heading-title elementor-size-default\">Abstract book of CETS 2023<\/h6>\t\t\t\t<\/div>\n\t\t\t\t<\/div>\n\t\t\t\t<div class=\"elementor-element elementor-element-d9e46ca elementor-view-stacked elementor-shape-square elementor-widget elementor-widget-icon\" data-id=\"d9e46ca\" data-element_type=\"widget\" data-e-type=\"widget\" data-widget_type=\"icon.default\">\n\t\t\t\t<div class=\"elementor-widget-container\">\n\t\t\t\t\t\t\t<div class=\"elementor-icon-wrapper\">\n\t\t\t<a class=\"elementor-icon elementor-animation-grow\" href=\"https:\/\/bnc.hu\/cets\/wp-content\/uploads\/2023\/04\/CETS2023_Book-of-abstracts.pdf\" target=\"_blank\">\n\t\t\t<i aria-hidden=\"true\" class=\"fas fa-file-alt\"><\/i>\t\t\t<\/a>\n\t\t<\/div>\n\t\t\t\t\t\t<\/div>\n\t\t\t\t<\/div>\n\t\t\t\t\t<\/div>\n\t\t<\/div>\n\t\t\t\t\t<\/div>\n\t\t<\/section>\n\t\t\t\t<section class=\"elementor-section elementor-top-section elementor-element elementor-element-7458275 elementor-section-boxed elementor-section-height-default elementor-section-height-default\" data-id=\"7458275\" data-element_type=\"section\" data-e-type=\"section\">\n\t\t\t\t\t\t<div class=\"elementor-container elementor-column-gap-default\">\n\t\t\t\t\t<div class=\"elementor-column elementor-col-100 elementor-top-column elementor-element elementor-element-c138392\" data-id=\"c138392\" data-element_type=\"column\" data-e-type=\"column\">\n\t\t\t<div class=\"elementor-widget-wrap elementor-element-populated\">\n\t\t\t\t\t\t<div class=\"elementor-element elementor-element-3f5e111 elementor-align-center elementor-widget elementor-widget-button\" data-id=\"3f5e111\" data-element_type=\"widget\" data-e-type=\"widget\" data-widget_type=\"button.default\">\n\t\t\t\t<div class=\"elementor-widget-container\">\n\t\t\t\t\t\t\t\t\t<div class=\"elementor-button-wrapper\">\n\t\t\t\t\t<a class=\"elementor-button elementor-button-link elementor-size-md elementor-animation-grow\" href=\"https:\/\/bnc.hu\/cets\/about\/\">\n\t\t\t\t\t\t<span class=\"elementor-button-content-wrapper\">\n\t\t\t\t\t\t<span class=\"elementor-button-icon\">\n\t\t\t\t<i aria-hidden=\"true\" class=\"fas fa-info-circle\"><\/i>\t\t\t<\/span>\n\t\t\t\t\t\t\t\t\t<span class=\"elementor-button-text\">More About the School<\/span>\n\t\t\t\t\t<\/span>\n\t\t\t\t\t<\/a>\n\t\t\t\t<\/div>\n\t\t\t\t\t\t\t\t<\/div>\n\t\t\t\t<\/div>\n\t\t\t\t\t<\/div>\n\t\t<\/div>\n\t\t\t\t\t<\/div>\n\t\t<\/section>\n\t\t\t\t<section class=\"elementor-section elementor-top-section elementor-element elementor-element-dd265ca elementor-section-boxed elementor-section-height-default elementor-section-height-default\" data-id=\"dd265ca\" data-element_type=\"section\" data-e-type=\"section\">\n\t\t\t\t\t\t<div class=\"elementor-container elementor-column-gap-default\">\n\t\t\t\t\t<div class=\"elementor-column elementor-col-100 elementor-top-column elementor-element elementor-element-469a3db\" data-id=\"469a3db\" data-element_type=\"column\" data-e-type=\"column\">\n\t\t\t<div class=\"elementor-widget-wrap elementor-element-populated\">\n\t\t\t\t\t\t<div class=\"elementor-element elementor-element-af39326 elementor-widget-divider--separator-type-pattern elementor-widget-divider--no-spacing elementor-widget-divider--view-line elementor-widget elementor-widget-divider\" data-id=\"af39326\" data-element_type=\"widget\" data-e-type=\"widget\" data-widget_type=\"divider.default\">\n\t\t\t\t<div class=\"elementor-widget-container\">\n\t\t\t\t\t\t\t<div class=\"elementor-divider\" style=\"--divider-pattern-url: url(&quot;data:image\/svg+xml,%3Csvg xmlns=&#039;http:\/\/www.w3.org\/2000\/svg&#039; preserveAspectRatio=&#039;xMidYMid meet&#039; overflow=&#039;visible&#039; height=&#039;100%&#039; viewBox=&#039;0 0 126 26&#039; fill=&#039;black&#039; stroke=&#039;none&#039;%3E%3Cpath d=&#039;M3,10.2c2.6,0,2.6,2,2.6,3.2S4.4,16.5,3,16.5s-3-1.4-3-3.2S0.4,10.2,3,10.2z M18.8,10.2c1.7,0,3.2,1.4,3.2,3.2s-1.4,3.2-3.2,3.2c-1.7,0-3.2-1.4-3.2-3.2S17,10.2,18.8,10.2z M34.6,10.2c1.5,0,2.6,1.4,2.6,3.2s-0.5,3.2-1.9,3.2c-1.5,0-3.4-1.4-3.4-3.2S33.1,10.2,34.6,10.2z M50.5,10.2c1.7,0,3.2,1.4,3.2,3.2s-1.4,3.2-3.2,3.2c-1.7,0-3.3-0.9-3.3-2.6S48.7,10.2,50.5,10.2z M66.2,10.2c1.5,0,3.4,1.4,3.4,3.2s-1.9,3.2-3.4,3.2c-1.5,0-2.6-0.4-2.6-2.1S64.8,10.2,66.2,10.2z M82.2,10.2c1.7,0.8,2.6,1.4,2.6,3.2s-0.1,3.2-1.6,3.2c-1.5,0-3.7-1.4-3.7-3.2S80.5,9.4,82.2,10.2zM98.6,10.2c1.5,0,2.6,0.4,2.6,2.1s-1.2,4.2-2.6,4.2c-1.5,0-3.7-0.4-3.7-2.1S97.1,10.2,98.6,10.2z M113.4,10.2c1.2,0,2.2,0.9,2.2,3.2s-0.1,3.2-1.3,3.2s-3.1-1.4-3.1-3.2S112.2,10.2,113.4,10.2z&#039;\/%3E%3C\/svg%3E&quot;);\">\n\t\t\t<span class=\"elementor-divider-separator\">\n\t\t\t\t\t\t<\/span>\n\t\t<\/div>\n\t\t\t\t\t\t<\/div>\n\t\t\t\t<\/div>\n\t\t\t\t\t<\/div>\n\t\t<\/div>\n\t\t\t\t\t<\/div>\n\t\t<\/section>\n\t\t\t\t<section class=\"elementor-section elementor-top-section elementor-element elementor-element-7005c8d elementor-section-boxed elementor-section-height-default elementor-section-height-default\" data-id=\"7005c8d\" data-element_type=\"section\" data-e-type=\"section\">\n\t\t\t\t\t\t<div class=\"elementor-container elementor-column-gap-default\">\n\t\t\t\t\t<div class=\"elementor-column elementor-col-100 elementor-top-column elementor-element elementor-element-c27a92d\" data-id=\"c27a92d\" data-element_type=\"column\" data-e-type=\"column\">\n\t\t\t<div class=\"elementor-widget-wrap elementor-element-populated\">\n\t\t\t\t\t\t<div class=\"elementor-element elementor-element-202a4f2 elementor-widget elementor-widget-image\" data-id=\"202a4f2\" data-element_type=\"widget\" data-e-type=\"widget\" data-widget_type=\"image.default\">\n\t\t\t\t<div class=\"elementor-widget-container\">\n\t\t\t\t\t\t\t\t\t\t\t\t\t\t\t\t<a href=\"https:\/\/bnc.hu\/\" target=\"_blank\">\n\t\t\t\t\t\t\t<img decoding=\"async\" src=\"https:\/\/bnc.hu\/cets\/wp-content\/uploads\/elementor\/thumbs\/BNC_logo_with_full_text_color-scaled-rhz4qbzckalx6pdco2ng8328i6s2c1av19dr0ps2rm.png\" title=\"BNC_logo_with_full_text_color\" alt=\"BNC_logo_with_full_text_color\" loading=\"lazy\" \/>\t\t\t\t\t\t\t\t<\/a>\n\t\t\t\t\t\t\t\t\t\t\t\t\t\t\t<\/div>\n\t\t\t\t<\/div>\n\t\t\t\t\t<\/div>\n\t\t<\/div>\n\t\t\t\t\t<\/div>\n\t\t<\/section>\n\t\t\t\t<section class=\"elementor-section elementor-top-section elementor-element elementor-element-4642426 elementor-section-boxed elementor-section-height-default elementor-section-height-default\" data-id=\"4642426\" data-element_type=\"section\" data-e-type=\"section\" data-settings=\"{&quot;background_background&quot;:&quot;classic&quot;}\">\n\t\t\t\t\t\t<div class=\"elementor-container elementor-column-gap-default\">\n\t\t\t\t\t<div class=\"elementor-column elementor-col-33 elementor-top-column elementor-element elementor-element-f78a91a\" data-id=\"f78a91a\" data-element_type=\"column\" data-e-type=\"column\">\n\t\t\t<div class=\"elementor-widget-wrap elementor-element-populated\">\n\t\t\t\t\t\t<div class=\"elementor-element elementor-element-be2b248 elementor-view-default elementor-widget elementor-widget-icon\" data-id=\"be2b248\" data-element_type=\"widget\" data-e-type=\"widget\" data-widget_type=\"icon.default\">\n\t\t\t\t<div class=\"elementor-widget-container\">\n\t\t\t\t\t\t\t<div class=\"elementor-icon-wrapper\">\n\t\t\t<a class=\"elementor-icon elementor-animation-grow\" href=\"https:\/\/bnc.hu\/cets\/contact\/\">\n\t\t\t<i aria-hidden=\"true\" class=\"fas fa-envelope\"><\/i>\t\t\t<\/a>\n\t\t<\/div>\n\t\t\t\t\t\t<\/div>\n\t\t\t\t<\/div>\n\t\t\t\t\t<\/div>\n\t\t<\/div>\n\t\t\t\t<div class=\"elementor-column elementor-col-33 elementor-top-column elementor-element elementor-element-61bb76c\" data-id=\"61bb76c\" data-element_type=\"column\" data-e-type=\"column\">\n\t\t\t<div class=\"elementor-widget-wrap elementor-element-populated\">\n\t\t\t\t\t\t<div class=\"elementor-element elementor-element-8503a61 elementor-widget elementor-widget-heading\" data-id=\"8503a61\" data-element_type=\"widget\" data-e-type=\"widget\" data-widget_type=\"heading.default\">\n\t\t\t\t<div class=\"elementor-widget-container\">\n\t\t\t\t\t<h5 class=\"elementor-heading-title elementor-size-medium\">\u00a9 2026 Central European Training School and Workshop on Neutron Techniques<\/h5>\t\t\t\t<\/div>\n\t\t\t\t<\/div>\n\t\t\t\t\t<\/div>\n\t\t<\/div>\n\t\t\t\t<div class=\"elementor-column elementor-col-33 elementor-top-column elementor-element elementor-element-7bebf3d\" data-id=\"7bebf3d\" data-element_type=\"column\" data-e-type=\"column\">\n\t\t\t<div class=\"elementor-widget-wrap elementor-element-populated\">\n\t\t\t\t\t\t<div class=\"elementor-element elementor-element-0b26dd7 elementor-widget elementor-widget-image\" data-id=\"0b26dd7\" data-element_type=\"widget\" data-e-type=\"widget\" data-widget_type=\"image.default\">\n\t\t\t\t<div class=\"elementor-widget-container\">\n\t\t\t\t\t\t\t\t\t\t\t\t\t\t\t<img decoding=\"async\" src=\"https:\/\/bnc.hu\/cets\/wp-content\/uploads\/elementor\/thumbs\/CETS-logo_vegleges_feher-p5t8ie8ewlvpmowzdymu3ffw20zw24bsluc072tuyo.png\" title=\"\" alt=\"\" loading=\"lazy\" \/>\t\t\t\t\t\t\t\t\t\t\t\t\t\t\t<\/div>\n\t\t\t\t<\/div>\n\t\t\t\t\t<\/div>\n\t\t<\/div>\n\t\t\t\t\t<\/div>\n\t\t<\/section>\n\t\t\t\t<\/div>\n\t\t","protected":false},"excerpt":{"rendered":"<p>Central European Training School and Workshop on Neutron Techniques Participants of the 15th CETS, 2023 16th Central European Training School and Workshop on Neutron Techniques Budapest, 4-9 October, 2026 Registration opens on April 7, 2026. Budapest Neutron Centre (HUN-REN Centre for Energy Research) announces the 16th Central European Training School and Workshop on Neutron Techniques [&hellip;]<\/p>\n","protected":false},"author":1,"featured_media":0,"parent":0,"menu_order":0,"comment_status":"closed","ping_status":"closed","template":"","meta":{"site-sidebar-layout":"no-sidebar","site-content-layout":"page-builder","ast-site-content-layout":"default","site-content-style":"default","site-sidebar-style":"default","ast-global-header-display":"","ast-banner-title-visibility":"","ast-main-header-display":"","ast-hfb-above-header-display":"","ast-hfb-below-header-display":"","ast-hfb-mobile-header-display":"","site-post-title":"disabled","ast-breadcrumbs-content":"disabled","ast-featured-img":"disabled","footer-sml-layout":"","ast-disable-related-posts":"","theme-transparent-header-meta":"default","adv-header-id-meta":"","stick-header-meta":"","header-above-stick-meta":"","header-main-stick-meta":"","header-below-stick-meta":"","astra-migrate-meta-layouts":"default","ast-page-background-enabled":"default","ast-page-background-meta":{"desktop":{"background-color":"","background-image":"","background-repeat":"repeat","background-position":"center center","background-size":"auto","background-attachment":"scroll","background-type":"","background-media":"","overlay-type":"","overlay-color":"","overlay-opacity":"","overlay-gradient":""},"tablet":{"background-color":"","background-image":"","background-repeat":"repeat","background-position":"center center","background-size":"auto","background-attachment":"scroll","background-type":"","background-media":"","overlay-type":"","overlay-color":"","overlay-opacity":"","overlay-gradient":""},"mobile":{"background-color":"","background-image":"","background-repeat":"repeat","background-position":"center center","background-size":"auto","background-attachment":"scroll","background-type":"","background-media":"","overlay-type":"","overlay-color":"","overlay-opacity":"","overlay-gradient":""}},"ast-content-background-meta":{"desktop":{"background-color":"var(--ast-global-color-5)","background-image":"","background-repeat":"repeat","background-position":"center center","background-size":"auto","background-attachment":"scroll","background-type":"","background-media":"","overlay-type":"","overlay-color":"","overlay-opacity":"","overlay-gradient":""},"tablet":{"background-color":"var(--ast-global-color-5)","background-image":"","background-repeat":"repeat","background-position":"center center","background-size":"auto","background-attachment":"scroll","background-type":"","background-media":"","overlay-type":"","overlay-color":"","overlay-opacity":"","overlay-gradient":""},"mobile":{"background-color":"var(--ast-global-color-5)","background-image":"","background-repeat":"repeat","background-position":"center center","background-size":"auto","background-attachment":"scroll","background-type":"","background-media":"","overlay-type":"","overlay-color":"","overlay-opacity":"","overlay-gradient":""}},"footnotes":""},"class_list":["post-43","page","type-page","status-publish","hentry"],"_links":{"self":[{"href":"https:\/\/bnc.hu\/cets\/wp-json\/wp\/v2\/pages\/43","targetHints":{"allow":["GET"]}}],"collection":[{"href":"https:\/\/bnc.hu\/cets\/wp-json\/wp\/v2\/pages"}],"about":[{"href":"https:\/\/bnc.hu\/cets\/wp-json\/wp\/v2\/types\/page"}],"author":[{"embeddable":true,"href":"https:\/\/bnc.hu\/cets\/wp-json\/wp\/v2\/users\/1"}],"replies":[{"embeddable":true,"href":"https:\/\/bnc.hu\/cets\/wp-json\/wp\/v2\/comments?post=43"}],"version-history":[{"count":378,"href":"https:\/\/bnc.hu\/cets\/wp-json\/wp\/v2\/pages\/43\/revisions"}],"predecessor-version":[{"id":2319,"href":"https:\/\/bnc.hu\/cets\/wp-json\/wp\/v2\/pages\/43\/revisions\/2319"}],"wp:attachment":[{"href":"https:\/\/bnc.hu\/cets\/wp-json\/wp\/v2\/media?parent=43"}],"curies":[{"name":"wp","href":"https:\/\/api.w.org\/{rel}","templated":true}]}}